+ q**3/3 - 30*q**2. Let j = -10 + 4. List the prime factors of i(j).
2, 19
List the prime factors of (3618/(-12) - 2)*-2.
607
Suppose 30 = 5*c - 5*u, 6 = 8*c - 7*c + u. Suppose -c*a = -5*a. Suppose -5*w + 43 - 2 = 3*q, 4*w - 2*q - 24 = a. List the prime factors of w.
7
Suppose 190 = 3*u - 29. Let x = -32 + u. Let z = x + -16. What are the prime factors of z?
5
Suppose 62*y - 483 = 61*y. What are the prime factors of y?
3, 7, 23
Suppose -d = -419 - 105. List the prime factors of d.
2, 131
Let y(l) = 4*l**2 + 5*l - 11. Suppose -4*s + 5*j = 0, -3*s = 3*j - 20 + 47. What are the prime factors of y(s)?
2
What are the prime factors of -5 - ((-18)/3 - 679)?
2, 5, 17
What are the prime factors of (24/(-20))/((-45)/110850)?
2, 739
Suppose 2*h - 5 - 3 = 0. Suppose 0 = h*n - 759 - 541. What are the prime factors of n?
5, 13
Suppose 5*c - 14*c = -828. What are the prime factors of c?
2, 23
Suppose -25 = -0*k - 5*k + 4*l, 4*k - 5*l = 29. Let c be (1/1)/k*0. Suppose 3*m - 11 - 1 = c. What are the prime factors of m?
2
Let s = 0 + 109. Let r = s - 31. List the prime factors of r.
2, 3, 13
Let s(g) = -g**2 - 3*g - 1. Let k be s(-1). Suppose 4*c = -3*n + 15, 4*n = 2*c - 0*n - 2. List the prime factors of (k - 1) + 81/c.
3
Let k(y) = 2*y + 4 - 2 + 0*y + 2. Let a(d) = d. Let t(x) = 4*a(x) - k(x). List the prime factors of t(7).
2, 5
Let m be (-8)/((-4)/(-1))*1. What are the prime factors of m/(-8) - (-4165)/28?
149
Suppose -5*k - l + 1450 = 0, 0*k - 3*k = -2*l - 870. What are the prime factors of 0 - 0 - 1/((-5)/k)?
2, 29
Let i = 32 - 18. Suppose 5*w - i - 6 = 0. Suppose 0 = -k - 2*k + j + 70, w*j - 94 = -5*k. List the prime factors of k.
2, 11
Suppose 4*w - 7*w - 3*p + 411 = 0, -3*w + 407 = 2*p. Suppose -2*x = -3*g + 360, g - 4*x - w = x. What are the prime factors of g?
2, 59
Let t = -1120 + 1727. What are the prime factors of t?
607
Let r be (1469/(-26))/(1/(-2)). Let s = r - 79. Let z = s - 1. What are the prime factors of z?
3, 11
Suppose 0 = -3*b - 2*n + 6053, 0 = 3*n - 11 - 1. List the prime factors of b.
5, 13, 31
Let m(w) = -101*w + 2. Let l(v) = 101*v - 2. Let b(k) = -2*l(k) - 3*m(k). Let s be b(2). Suppose -7*r = r - s. What are the prime factors of r?
5
Suppose 8 = -2*f, 11*c - 8*c + 5*f - 637 = 0. List the prime factors of c.
3, 73
Let g = -83 - -87. Let y(o) = 3*o + 2. Let m be y(3). Suppose -x + g = -m. What are the prime factors of x?
3, 5
Let w(u) be the second derivative of -u**5/20 - u**4 + u**3/6 + u**2/2 - 12*u. Let b be w(-12). Let g = b - -22. What are the prime factors of g?
11
Let a(r) = -r - 1. Let x be a(-4). Let d be ((-42)/(-8))/(x/120). Suppose -2*t + u + 77 = 2*u, u = 5*t - d. List the prime factors of t.
41
Let l = -33 - -19. Let i be (-175)/(-49) + (-6)/l. Suppose -i*t - 82 = -2*s, -2*t - 4 = s - 33. List the prime factors of s.
5, 7
Let w = 29 - 26. List the prime factors of 20/6 - w - (-119)/3.
2, 5
Suppose -m + 2*h - 185 + 680 = 0, 0 = 2*m - 5*h - 990. List the prime factors of m.
3, 5, 11
Suppose 5623*x - 5618*x = 28045. List the prime factors of x.
71, 79
Suppose 2*h - 38 = -2*t, -10 = 3*t + 5. List the prime factors of (-16)/(h/(-14) - (-2)/(-7)).
2
Suppose 3*w - 7 = -0*h + 2*h, -h - w + 9 = 0. Let n = -1 + h. List the prime factors of 1/(n/(68 - -1)).
23
Let i be (-32)/6*90/(-40). Suppose -i*z = -7*z. Suppose -a + 3*o = -z*a - 49, -2*o - 47 = -a. What are the prime factors of a?
43
Suppose 4*p - 3980 = -4*u, -2*u - p + 2002 = 4*p. What are the prime factors of u?
991
Suppose 5*b + 6*i - 2*i = 1757, -5*i = -5*b + 1730. What are the prime factors of b?
349
Suppose 5*q - 5*v = 3*q + 5210, 5*q - 4*v = 12991. List the prime factors of q.
3, 5, 173
Suppose 6*b = 11*b + 50. Let t(h) = 4*h**2 + 12*h - 20. Let f be t(b). Suppose -f = -9*d + 4*d. What are the prime factors of d?
2, 13
Suppose -15*d = -12*d - 144. Let p = d + -31. List the prime factors of p.
17
Let p be 3/15 - 9/(-5). Suppose 3*c - 6 = -5*x, -x + p*c + 15 = -2*c. Suppose 5*i - 130 = -0*u + x*u, 25 = -5*u. List the prime factors of i.
23
Suppose -i - 2101 = -5*b - 515, 3*i = 12. What are the prime factors of b?
2, 3, 53
Suppose 3*z + 495 = 4*x + 30, 0 = -x + 5*z + 112. List the prime factors of x.
3, 13
Suppose 40*q + 8979 - 129699 = 0. What are the prime factors of q?
2, 3, 503
Let i(x) = -116*x + 144. List the prime factors of i(-5).
2, 181
Suppose 0 = -x - 2 + 1. Let r(s) = -50*s + 4. List the prime factors of r(x).
2, 3
Let h be 286/2*(2 - 1). Let a = 365 - h. List the prime factors of a.
2, 3, 37
Let z = 184 - 315. Let s = z + 325. What are the prime factors of s?
2, 97
Suppose -3538 = -485*t + 483*t. What are the prime factors of t?
29, 61
Let a be (-1)/(-1) + (-4)/4. Suppose a = -5*t - 4*q - 25, 6 = 4*t - 4*q + 2*q. List the prime factors of 306/12 + t/(-2).
2, 13
Suppose 6*w - 294 - 138 = 0. Suppose w = -4*s + 5*s. List the prime factors of s.
2, 3
Let h = 7 - -30. Let p = h - 13. List the prime factors of p.
2, 3
Let z(h) = -10*h + 1. Let m be z(-7). Let c = -27 + m. What are the prime factors of c?
2, 11
Let j(n) = -31*n + 20*n - 17 - n**2 - 3. Let y be j(-8). Suppose 0 = y*q - 3*q - 29. List the prime factors of q.
29
Let s(u) = 4*u**3 - 2*u**2 + 3*u + 513. What are the prime factors of s(0)?
3, 19
Let z(j) = 2*j**3 - 2*j**2 + 2*j - 2. Let y be z(3). Let h be (-248)/y - (-1)/5. What are the prime factors of 30/(-25)*100/h?
2, 5
Let c = 14 - 7. Suppose c*l - 155 = 2*l. Suppose -4*o = -9*o - 3*p + 149, p = -o + l. What are the prime factors of o?
2, 7
Let x(h) = -h + 8. Let r be x(6). Suppose -6 = -2*g + 4*o, 5*g + 2*o - 28 = -o. Suppose 2*u + g*b - 67 = -r*u, 6 = 2*b. List the prime factors of u.
13
Suppose -3*z = 3*y - 5*z - 12, 4*y = 3*z + 17. Suppose 3*n + 18 = -3*b, y*b - 3*n + 2*n + 24 = 0. What are the prime factors of 10/1*(-8)/b?
2
Suppose -y = -10 + 4. Suppose -8*h + y = -6*h. What are the prime factors of h?
3
Let q be ((-7)/3)/((6/54)/1). Let p(z) = -2*z**2. Let s be p(2). Let x = s - q. What are the prime factors of x?
13
Suppose 5*w = -5*f + 4*w - 39, -3*f - 26 = -2*w. Let b be (f/10)/(48/(-360)). Let q(y) = -y**3 + 6*y**2 + 3*y + 8. What are the prime factors of q(b)?
2, 13
Let g(a) = 23*a - 3. Let x be 693/22*(-8)/(-6). Let m be (-8)/(-14) - (-60)/x. What are the prime factors of g(m)?
43
Let r = 5712 - -300. List the prime factors of r.
2, 3, 167
Let l(n) = -n**3 + 7*n**2 - 6*n - 10. Let m be l(8). What are the prime factors of m/(15/5 - 5)?
61
Suppose -d - 4*w + 513 = 0, 850 = d - 4*w + 297. List the prime factors of d.
13, 41
List the prime factors of ((-66352)/(-99) - 8) + 2/(-9).
2, 331
Let q(h) = -h + 3. Let o be q(6). What are the prime factors of (o - -12)/(3/15)?
3, 5
Suppose -3*d + 103 = -2*b - 471, -b = -5*d + 952. List the prime factors of d.
2, 5, 19
Let m(d) = -62*d - 10. What are the prime factors of m(-3)?
2, 11
List the prime factors of 1*61*((-8 - -25) + -5).
2, 3, 61
Suppose -17*f = 8*f - 100. Let a(n) = -105*n + 25. Let x(r) = -13*r + 3. Let y(p) = 3*a(p) - 25*x(p). What are the prime factors of y(f)?
2, 5
List the prime factors of 6/8 - (-197800)/160.
1237
Suppose 28*b - 2117 = 627. List the prime factors of b.
2, 7
Let d(a) = 7*a - 70. Let b be d(12). Let p(h) = 16*h - 5. List the prime factors of p(b).
3, 73
Suppose 0 = 5*j - j. Let w(z) = -6*z**2 - 3*z + 5 + j*z + 9*z**2. List the prime factors of w(5).
5, 13
Let k = 1054 + -551. List the prime factors of k.
503
Suppose 0 = -g - 2*g + 15. Suppose -g*y + 6*y = 5. Suppose y*d + 42 = 8*d. What are the prime factors of d?
2, 7
Let v = -22 + 18. Let s be (-1)/((-4)/v) - -49. Suppose i = 5*c + s, i - 4*c = -2*c + 42. What are the prime factors of i?
2, 19
Let v = -12 - -16. Suppose v + 4 = x. What are the prime factors of ((-34)/x)/((-7)/28)?
17
Suppose -4*f = -8*f + 20. Suppose 9*r - f*r - 16 = 0. Suppose 0 = r*b - 0*b - 68. What are the prime factors of b?
17
Suppose -a = -3*a - p + 580, -3*a = -4*p - 848. What are the prime factors of a?
2, 3
Suppose -1486 - 62 = -4*y. Let j = y + -259. Suppose 0*x + j = 2*x. What are the prime factors of x?
2
What are the prime factors of (50 + -3)/(4 + -6 - -3)?
47
Let d(s) = 2*s**2 + 2*s - 3. Let i be d(-3). Suppose -q = 2*q - i. Suppose q*h + 3*l - 27 = 0, -2*l + 2 + 8 = 0. List the prime factors of h.
2
List the prime factors of